ase 10) to base 6
-410
16371 (base 12) to base 13
11515
Convert 4b57 (base 16) to base 11.
13544
What is 6e0 (base 15) in base 7?
4356
Convert 33210 (base 4) to base 5.
12441
118 (base 16) to base 12
1b4
What is db (base 16) in base 2?
11011011
Convert -1023214 (base 5) to base 14.
-6445
-111111010 (base 2) to base 5
-4011
2011000 (base 3) to base 7
4365
-10010001 (base 3) to base 2
-100011011101
Convert -1020020 (base 3) to base 13.
-540
5 (base 7) to base 3
12
Convert a18 (base 15) to base 12.
1395
-140503 (base 6) to base 4
-3031113
What is -2a17 (base 14) in base 10?
-7469
Convert -316632 (base 7) to base 3.
-2210201100
What is 3a52 (base 14) in base 15?
3094
21001 (base 3) to base 5
1230
What is -33486 (base 9) in base 5?
-1203042
364623 (base 7) to base 11
45a74
-5391 (base 10) to base 11
-4061
2a85 (base 15) to base 9
13458
What is 387 (base 14) in base 5?
10312
What is 4410 (base 6) in base 2?
1111110110
What is 1255 (base 13) in base 9?
3514
-176 (base 14) to base 8
-454
-c9 (base 13) to base 8
-245
Convert -56 (base 12) to base 3.
-2110
Convert 1853 (base 15) to base 10.
5253
Convert -1011111001 (base 2) to base 14.
-3c5
-210001 (base 3) to base 10
-568
Convert -1b00 (base 15) to base 4.
-1123122
Convert -10110100011 (base 2) to base 12.
-a03
Convert 1823 (base 12) to base 4.
231123
-3e9 (base 15) to base 9
-1203
What is 101100011111 (base 2) in base 5?
42342
What is 35851 (base 9) in base 3?
1012221201
What is -188 (base 11) in base 8?
-331
-777 (base 8) to base 15
-241
What is -46331 (base 7) in base 3?
-121020012
Convert -1511 (base 7) to base 4.
-21110
What is 20121100 (base 3) in base 10?
4815
33213 (base 4) to base 7
2625
2664 (base 13) to base 3
21112100
What is -20 (base 5) in base 10?
-10
What is 42231 (base 5) in base 4?
230000
What is 4277 (base 10) in base 14?
17b7
Convert -3404 (base 14) to base 2.
-10001100111100
What is -1313121 (base 4) in base 15?
-23e6
What is 1720 (base 10) in base 9?
2321
2114 (base 11) to base 14
103c
What is -1b25 (base 13) in base 9?
-5541
-153313 (base 6) to base 3
-202121100
What is 254 (base 12) in base 3?
111001
Convert 233 (base 10) to base 14.
129
-a697 (base 12) to base 5
-1041014
Convert 12023 (base 4) to base 15.
1b5
What is 203243 (base 5) in base 6?
51002
20142 (base 5) to base 10
1297
What is -1011010 (base 3) in base 15?
-3b0
174 (base 11) to base 9
244
What is -21011113 (base 4) in base 3?
-1220001001
-10000100111111 (base 2) to base 14
-315d
Convert 21512 (base 11) to base 7.
160024
Convert -632 (base 15) to base 12.
-985
1136 (base 7) to base 6
1535
Convert 1259 (base 15) to base 8.
7505
-110111011100 (base 2) to base 13
-17cc
What is 21403 (base 6) in base 2?
101110001011
Convert 33452 (base 12) to base 13.
24c71
Convert 31202 (base 4) to base 10.
866
-2c35b (base 13) to base 7
-500046
What is -2203 (base 5) in base 4?
-10233
What is -454 (base 7) in base 4?
-3223
1110100101 (base 2) to base 12
659
Convert -b3b5 (base 14) to base 9.
-46377
1332 (base 6) to base 5
2334
What is -11003312 (base 4) in base 11?
-14632
What is 101001001 (base 2) in base 12?
235
Convert 3a41 (base 15) to base 2.
11000010010100
-4842 (base 10) to base 2
-1001011101010
What is 3666 (base 7) in base 4?
111123
Convert -101120212 (base 3) to base 16.
-1e26
454 (base 7) to base 11
1a4
1011100101101 (base 2) to base 11
4504
-2033 (base 7) to base 12
-4b2
Convert 338 (base 10) to base 2.
101010010
-100011 (base 4) to base 9
-1363
Convert 56 (base 15) to base 4.
1101
Convert -1343 (base 10) to base 11.
-1011
What is -23330232 (base 4) in base 7?
-262455
What is 733d (base 14) in base 10?
19851
1507 (base 12) to base 6
15211
2321 (base 6) to base 7
1420
-3040 (base 5) to base 7
-1103
1031 (base 6) to base 2
11101011
Convert 566 (base 8) to base 13.
22a
Convert 15557 (base 12) to base 11.
20731
Convert 462 (base 12) to base 3.
220002
201201 (base 3) to base 10
532
Convert 111110010 (base 2) to base 9.
613
330122 (base 4) to base 13
19b5
Convert 15258 (base 9) to base 11.
7914
What is -102c (base 13) in base 15?
-9e0
What is -34454 (base 9) in base 13?
-a5c1
What is 302a (base 16) in base 10?
12330
Convert -19d (base 16) to base 3.
-120022
-2310131 (base 5) to base 16
-a14b
What is -2c1 (base 13) in base 4?
-13233
271 (base 11) to base 12
228
32042 (base 5) to base 15
982
What is 1518 (base 10) in base 13?
8ca
29 (base 13) to base 7
50
Convert -2362 (base 7) to base 12.
-611
What is -8726 (base 12) in base 10?
-14862
What is -11023301 (base 4) in base 15?
-6458
What is 1221 (base 7) in base 13?
291
Convert -884 (base 9) to base 14.
-39a
Convert 47cd (base 16) to base 2.
100011111001101
-501 (base 7) to base 2
-11110110
242 (base 7) to base 13
9b
Convert 11110000 (base 2) to base 7.
462
What is -190 (base 13) in base 16?
-11e
64a2 (base 13) to base 8
33246
What is 140304 (base 7) in base 12?
13456
-2022 (base 4) to base 6
-350
Convert -4dd (base 15) to base 5.
-13413
-245 (base 9) to base 15
-d8
-24530 (base 6) to base 4
-321012
What is 3121 (base 5) in base 16?
19b
Convert -403232 (base 6) to base 7.
-161561
What is 111001110 (base 3) in base 4?
2110230
Convert -205325 (base 6) to base 16.
-4175
-17478 (base 9) to base 13
-5648
13132 (base 4) to base 14
262
What is 1212001222 (base 3) in base 12?
1915b
15 (base 15) to base 13
17
What is -15006 (base 7) in base 5?
-112442
What is 264 (base 8) in base 10?
180
2366 (base 8) to base 9
1661
Convert -12113 (base 5) to base 4.
-32030
120003 (base 4) to base 2
11000000011
Convert 742 (base 8) to base 14.
266
4d85 (base 15) to base 14
6062
Convert -6d6 (base 14) to base 2.
-10101010100
-324024 (base 5) to base 4
-2232003
-20102120 (base 3) to base 16
-124e
390 (base 11) to base 4
13032
-584 (base 12) to base 8
-1464
11889 (base 12) to base 7
126105
7919 (base 11) to base 9
15264
What is -182b (base 13) in base 9?
-4824
What is -2838 (base 13) in base 12?
-3429
-1001010000101110 (base 2) to base 13
-14360
What is -1111001000011101 (base 2) in base 6?
-1154541
What is -1322 (base 7) in base 10?
-506
3197 (base 16) to base 7
52004
Convert 2687 (base 15) to base 5.
230402
What is -1a83 (base 11) in base 9?
-3544
What is 15721 (base 8) in base 3?
100202202
What is -1230 (base 16) in base 8?
-11060
What is -42d (base 14) in base 7?
-2256
-20011101 (base 3) to base 13
-2077
Convert -3401 (base 8) to base 4.
-130001
What is -3b0a (base 13) in base 9?
-12540
1b1c (base 14) to base 10
4926
What is -1001111 (base 2) in base 8?
-117
-10304 (base 7) to base 4
-213320
Convert -1414004 (base 5) to base 2.
-111001001000110
Convert 7876 (base 11) to base 3.
112020000
-4cab (base 15) to base 16
-3fe9
Convert 5861 (base 11) to base 3.
101112211
Convert 70642 (base 8) to base 13.
10319
What is -302 (base 4) in base 16?
-32
Convert -d79 (base 15) to base 12.
-1913
Convert -101200 (base 4) to base 8.
-2140
-50660 (base 9) to base 15
-9d30
54f (base 16) to base 12
953
5377 (base 13) to base 14
431c
-35a (base 14) to base 8
-1234
Convert 52244 (base 7) to base 8.
31025
What is 255356 (base 7) in base 15?
e132
What is 8167 (base 9) in base 10?
5974
17515 (base 8) to base 2
1111101001101
Convert 195b (base 12) to base 8.
6027
-1291 (base 10) to base 4
-110023
What is 8738 (base 11) in base 4?
2310100
3cb (base 16) to base 10
971
-321123 (base 5) to base 14
-3d08
Convert 2132200 (base 4) to base 10.
10144
2ab7 (base 14) to base 5
220414
Convert 130224 (base 7) to base 9.
36076
52202 (base 7) to base 16
31f7
-71707 (base 9) to base 13
-18661
What is -1223 (base 15) in base 16?
-f12
What is -c23 (base 14) in base 13?
-1114
Convert 123c (base 13) to base 2.
101000011010
-86511 (base 9) to base 5
-3313102
-11211012 (base 3) to base 15
-1095
-1010011001110110 (base 2) to base 5
-2330424
-1303030 (base 5) to base 9
-37741
223 (base 8) to base 13
b4
What is -10001000101 (base 2) in base 6?
-5021
-13424 (base 6) to base 10
-2104
-7224 (base 8) to base 6
-25140
Convert 130301 (base 4) to base 7.
5240
-47 (base 14) to base 9
-70
Convert -310 (base 11) to base 2.
-101110110
10110200 (base 3) to base 9
3420
Convert 3b6 (base 15) to base 12.
5a6
2222020221 (base 3) to base 8
162213
What is -12233 (base 5) in base 4?
-32233
Convert -2761 (base 9) to base 4.
-200200
Convert -70247 (base 8) to base 11.
-1a738